t common factor of 1100 and 3041225?
275
What is the greatest common divisor of 274838 and 2096?
262
Calculate the greatest common factor of 54749 and 477.
53
Calculate the greatest common divisor of 23030 and 77.
7
Calculate the greatest common divisor of 1740 and 1716510.
870
Calculate the greatest common divisor of 696 and 456.
24
Calculate the highest common factor of 1071 and 958783.
119
Calculate the highest common divisor of 36638 and 84.
14
Calculate the highest common factor of 2199 and 532891.
733
What is the greatest common divisor of 738820 and 1360?
340
What is the highest common factor of 309 and 2349121?
103
What is the highest common factor of 31625 and 74635?
1265
What is the highest common factor of 16 and 86736?
16
What is the greatest common factor of 441 and 9408?
147
What is the highest common divisor of 9168 and 431469?
573
Calculate the greatest common factor of 454 and 449233.
227
What is the highest common factor of 40610 and 1703?
131
What is the greatest common divisor of 2700 and 4278150?
1350
What is the greatest common factor of 59178 and 63?
21
Calculate the greatest common divisor of 92 and 22333.
23
Calculate the highest common factor of 514539 and 561.
51
Calculate the greatest common factor of 1630 and 16.
2
What is the greatest common factor of 59067 and 9?
9
Calculate the greatest common factor of 150 and 41450.
50
Calculate the greatest common divisor of 648051 and 1348.
337
What is the highest common divisor of 12144 and 7268?
92
What is the highest common divisor of 15 and 69060?
15
What is the greatest common factor of 1326 and 850?
34
Calculate the highest common factor of 1582 and 18419.
113
Calculate the highest common divisor of 17030 and 20.
10
Calculate the greatest common divisor of 42 and 1137108.
42
What is the highest common divisor of 17 and 78557?
17
Calculate the highest common divisor of 120 and 163245.
15
What is the greatest common factor of 83 and 31789?
83
What is the highest common factor of 1762380 and 220?
20
What is the greatest common divisor of 6 and 356?
2
What is the highest common factor of 18 and 143562?
6
What is the highest common factor of 26229 and 777?
21
What is the greatest common divisor of 57 and 113297?
19
Calculate the highest common factor of 68 and 12172.
68
What is the greatest common factor of 7202680 and 69?
23
What is the greatest common divisor of 93327 and 65?
13
What is the highest common factor of 1359787 and 1221?
407
Calculate the greatest common divisor of 406077 and 105.
21
Calculate the highest common factor of 289 and 33065.
17
Calculate the greatest common divisor of 417 and 57129.
417
What is the highest common divisor of 48 and 40768?
16
Calculate the greatest common factor of 12 and 4476.
12
What is the highest common factor of 20622 and 42?
42
What is the highest common factor of 2138490 and 90?
90
Calculate the highest common factor of 16150 and 3350.
50
Calculate the greatest common divisor of 34 and 11722.
2
What is the highest common divisor of 20700 and 46?
46
What is the highest common factor of 14030 and 22540?
230
What is the greatest common factor of 9 and 64890?
9
What is the greatest common factor of 110 and 8822?
22
What is the greatest common factor of 3900 and 9282?
78
Calculate the highest common factor of 18 and 18762.
6
What is the highest common divisor of 1109059 and 329?
329
What is the highest common factor of 1122076 and 868?
124
Calculate the highest common divisor of 110307 and 498.
249
Calculate the greatest common divisor of 26666 and 3781.
199
Calculate the greatest common divisor of 4896 and 14085.
9
What is the highest common divisor of 5444 and 2206181?
1361
What is the highest common factor of 158045 and 10220?
365
Calculate the highest common divisor of 60 and 56970.
30
Calculate the highest common factor of 3454 and 704.
22
Calculate the greatest common divisor of 671954 and 19.
19
Calculate the highest common divisor of 717 and 23900.
239
What is the greatest common factor of 1593 and 9549?
9
Calculate the greatest common divisor of 2360 and 17995.
295
Calculate the greatest common factor of 155 and 527.
31
What is the greatest common factor of 78 and 2870270?
26
What is the highest common divisor of 67446 and 156125?
1249
What is the highest common divisor of 913519 and 1043?
149
Calculate the highest common divisor of 5119232 and 8.
8
Calculate the greatest common divisor of 18602 and 7074.
262
What is the highest common factor of 16682 and 2033?
19
Calculate the highest common factor of 12 and 155736.
12
Calculate the highest common divisor of 17622 and 129294.
198
Calculate the highest common factor of 1645 and 18330.
235
What is the greatest common divisor of 321 and 2596676?
107
Calculate the highest common factor of 139054 and 7530.
502
Calculate the greatest common factor of 324 and 32238.
162
What is the highest common factor of 32880 and 1200?
240
Calculate the highest common factor of 3724 and 5194.
98
What is the highest common factor of 399 and 93936?
57
What is the highest common factor of 630344 and 143?
143
What is the highest common divisor of 18 and 51474?
6
Calculate the greatest common divisor of 27 and 6777.
27
Calculate the greatest common factor of 7221600 and 180.
180
Calculate the greatest common factor of 47215 and 595.
35
What is the highest common factor of 16875 and 3240?
135
Calculate the greatest common factor of 32470 and 68.
34
What is the highest common factor of 11 and 170060?
11
Calculate the greatest common factor of 152 and 555788.
76
What is the highest common divisor of 255 and 49065?
15
What is the highest common factor of 117 and 3039?
3
What is the highest common divisor of 14 and 310051?
7
Calculate the greatest common divisor of 5118 and 2050612.
1706
Calculate the greatest common factor of 3008 and 101896.
376
Calculate the greatest common factor of 10 and 519710.
10
What is the highest common factor of 4723273 and 179?
179
What is the highest common factor of 1876 and 21938?
14
Calculate the greatest common factor of 337959 and 18.
9
Calculate the highest common factor of 312 and 12311.
13
Calculate the highest common divisor of 11052 and 52190.
614
What is the highest common factor of 4828 and 11492?
68
Calculate the highest common divisor of 2989216 and 352.
32
Calculate the greatest common divisor of 82637 and 68.
17
Calculate the highest common factor of 714 and 237286.
238
Calculate the highest common divisor of 33 and 17182.
11
Calculate the greatest common factor of 117972 and 288.
36
What is the highest common divisor of 969 and 4029?
51
What is the greatest common divisor of 276 and 237?
3
What is the highest common factor of 32 and 54004?
4
What is the highest common factor of 7854 and 270039?
231
Calculate the highest common factor of 90300 and 11900.
700
What is the highest common divisor of 71280 and 1158960?
2640
What is the highest common divisor of 977839 and 218?
109
Calculate the greatest common factor of 162925 and 1400.
175
Calculate the greatest common divisor of 770 and 24430.
70
Calculate the greatest common factor of 1252 and 97969.
313
What is the highest common divisor of 114 and 22667?
19
What is the highest common factor of 44166 and 102?
102
Calculate the greatest common divisor of 183126 and 8970.
138
What is the highest common divisor of 19561 and 124?
31
What is the greatest common factor of 5070 and 143?
13
Calculate the highest common factor of 60 and 44970.
30
Calculate the greatest common divisor of 3080 and 23420.
20
Calculate the highest common factor of 27 and 935658.
27
What is the greatest common factor of 70 and 1865?
5
What is the highest common factor of 4275 and 2385?
45
Calculate the highest common factor of 31222 and 1072.
134
What is the highest common factor of 3350 and 725?
25
Calculate the greatest common factor of 216 and 1592.
8
What is the greatest common factor of 2698 and 21014?
38
What is the highest common divisor of 3640468 and 52?
52
What is the highest common factor of 9418 and 22746?
34
What is the greatest common factor of 236473 and 89?
89
What is the greatest common divisor of 100 and 130?
10
Calculate the greatest common factor of 222838 and 154.
154
Calculate the greatest common divisor of 873